{"id":481,"date":"2021-10-12T07:21:44","date_gmt":"2021-10-12T07:21:44","guid":{"rendered":"https:\/\/themexriver.com\/wp\/prysm\/?page_id=481"},"modified":"2022-12-06T14:00:27","modified_gmt":"2022-12-06T13:00:27","slug":"testimonials","status":"publish","type":"page","link":"http:\/\/www.idem-cuisines.fr\/index.php\/testimonials\/","title":{"rendered":"Testimonials"},"content":{"rendered":"\t\t<div data-elementor-type=\"wp-page\" data-elementor-id=\"481\" class=\"elementor elementor-481\">\n\t\t\t\t\t\t\t\t\t<section class=\"elementor-section elementor-top-section elementor-element elementor-element-1e61810 elementor-section-full_width elementor-section-height-default elementor-section-height-default\" data-id=\"1e61810\" data-element_type=\"section\">\n\t\t\t\t\t\t<div class=\"elementor-container elementor-column-gap-default\">\n\t\t\t\t\t<div class=\"elementor-column elementor-col-100 elementor-top-column elementor-element elementor-element-318b1f3\" data-id=\"318b1f3\" data-element_type=\"column\">\n\t\t\t<div class=\"elementor-widget-wrap elementor-element-populated\">\n\t\t\t\t\t\t\t\t<div class=\"elementor-element elementor-element-4a40a84 testimonial-page elementor-widget elementor-widget-ucaddon_testimonials\" data-id=\"4a40a84\" data-element_type=\"widget\" data-widget_type=\"ucaddon_testimonials.default\">\n\t\t\t\t<div class=\"elementor-widget-container\">\n\t\t\t<!-- start Testimonials -->\n\n\t\t\t<!-- Start of testimonial section\n============================================= -->\n\t<section id=\"pr-testimonial\" class=\"pr-testimonial-section-2 position-relative\">\n  <span class=\"test-bg\"><img decoding=\"async\" src=\"\" alt=\"img\"><\/span>\n  <div class=\"container\">\n    <div class=\"pr-section-title headline text-center middle-align pera-content pr-text-in\">\n      <h3 class=\"title-tag d-inline-block\">\n        <span class=\"pr-text-in_item1\">\n          <span class=\"pr-text-in_item2\">\n            <span class=\"pr-text-in_item3\">\n              \n            <\/span>\n          <\/span>\n        <\/span>\n      <\/h3>\n      <h2>\n        <span class=\"pr-text-in_item1\">\n          <span class=\"pr-text-in_item2\">\n            <span class=\"pr-text-in_item3\">\n              \n            <\/span>\n          <\/span>\n        <\/span>\n      <\/h2>\n      <p class=\"wow fadeInUp\" data-wow-delay=\"0ms\" data-wow-duration=\"1500ms\">\n      <\/p>\n    <\/div>\n    <div class=\"pr-testimonial-content\">\n      <div class=\"row justify-content-center\">\n        \n<div class=\"col-lg-4 col-md-6 wow fadeInUp\" data-wow-delay=\"400ms\" data-wow-duration=\"1500ms\">\n\t<div class=\"pr-testimonial-item position-relative\">\n\t\t<div class=\"pr-testi-item-img position-absolute\">\n\t\t\t<img decoding=\"async\" src=\"\" alt=\"img\">\n\t\t<\/div>\n\t\t<div class=\"pr-testi-item-icon position-absolute\">\n\t\t\t<i class=\"fas fa-quote-right\"><\/i>\n\t\t<\/div>\n\t\t<div class=\"pr-testi-item-text\">\n\t\t\tInstallation d\u2019une centrale et d\u2019un r\u00e9seau frigorifique CO\u00b2 sur 2 niveaux \r\nde sous-sols dont un niveau (sous-sol 1) une zone de vente \r\net de 3 niveaux destin\u00e9 \u00e0 la vente (rez-de-chauss\u00e9e au R+2).\r\n\r\n(52 avenue des Champs Elys\u00e9es - 75008 Paris)\r\n\t\t<\/div>\n\t\t<div class=\"pr-testi-item-author d-flex justify-content-between align-items-center headline\">\n\t\t\t<div class=\"name-degi\">\n\t\t\t\t<h3><a href=\"http:\/\/www.idem-cuisines.fr\/index.php\/testimonial\/galeries-lafayette\/\">Galeries Lafayette<\/a><\/h3>\n\t\t\t\t<span>2020 - 299K\u20ac H.T.<\/span>\n\t\t\t<\/div>\n\t\t\t<div class=\"pr-testi-item-rate ul-li\">\n\t\t\t\t<ul>\n\t\t\t\t\t\t\t\t\t<\/ul>\n\t\t\t<\/div>\n\t\t<\/div>\n\t<\/div>\n<\/div>\n\t\n\n      <\/div>\n      <div class=\"pr-testimonial-more d-flex justify-content-center align-items-center\">\n        <div class=\"pr-testimonial-img ul-li\">\n          <ul>\n            <li><span class=\"testi-img\"><img decoding=\"async\" src=\"\" alt=\"\"><\/span><span class=\"testi-text\">Galeries Lafayette<\/span><\/li>\n\n          <\/ul>\n        <\/div>\n        <div class=\"pr-testimonial-more-btn\">\n          <a href=\"\"><i class=\"fal fa-long-arrow-right\"><\/i><\/a>\n        <\/div>\n      <\/div>\n    <\/div>\n  <\/div>\n<\/section>\n<!-- End of testimonial section\n============================================= -->\n\t\t\t<!-- end Testimonials -->\t\t<\/div>\n\t\t\t\t<\/div>\n\t\t\t\t\t<\/div>\n\t\t<\/div>\n\t\t\t\t\t\t\t<\/div>\n\t\t<\/section>\n\t\t\t\t<section class=\"elementor-section elementor-top-section elementor-element elementor-element-5931e34 elementor-section-full_width elementor-section-height-default elementor-section-height-default\" data-id=\"5931e34\" data-element_type=\"section\">\n\t\t\t\t\t\t<div class=\"elementor-container elementor-column-gap-default\">\n\t\t\t\t\t<div class=\"elementor-column elementor-col-100 elementor-top-column elementor-element elementor-element-11cb5aa\" data-id=\"11cb5aa\" data-element_type=\"column\">\n\t\t\t<div class=\"elementor-widget-wrap elementor-element-populated\">\n\t\t\t\t\t\t\t\t<div class=\"elementor-element elementor-element-e2c218b testimonial-page elementor-widget elementor-widget-ucaddon_testimonials\" data-id=\"e2c218b\" data-element_type=\"widget\" data-widget_type=\"ucaddon_testimonials.default\">\n\t\t\t\t<div class=\"elementor-widget-container\">\n\t\t\t<!-- start Testimonials -->\n\n\t\t\t<!-- Start of testimonial section\n============================================= -->\n\t<section id=\"pr-testimonial\" class=\"pr-testimonial-section-2 position-relative\">\n  <span class=\"test-bg\"><img decoding=\"async\" src=\"\" alt=\"img\"><\/span>\n  <div class=\"container\">\n    <div class=\"pr-section-title headline text-center middle-align pera-content pr-text-in\">\n      <h3 class=\"title-tag d-inline-block\">\n        <span class=\"pr-text-in_item1\">\n          <span class=\"pr-text-in_item2\">\n            <span class=\"pr-text-in_item3\">\n              \n            <\/span>\n          <\/span>\n        <\/span>\n      <\/h3>\n      <h2>\n        <span class=\"pr-text-in_item1\">\n          <span class=\"pr-text-in_item2\">\n            <span class=\"pr-text-in_item3\">\n              \n            <\/span>\n          <\/span>\n        <\/span>\n      <\/h2>\n      <p class=\"wow fadeInUp\" data-wow-delay=\"0ms\" data-wow-duration=\"1500ms\">\n      <\/p>\n    <\/div>\n    <div class=\"pr-testimonial-content\">\n      <div class=\"row justify-content-center\">\n        \n<div class=\"col-lg-4 col-md-6 wow fadeInUp\" data-wow-delay=\"400ms\" data-wow-duration=\"1500ms\">\n\t<div class=\"pr-testimonial-item position-relative\">\n\t\t<div class=\"pr-testi-item-img position-absolute\">\n\t\t\t<img decoding=\"async\" src=\"\" alt=\"img\">\n\t\t<\/div>\n\t\t<div class=\"pr-testi-item-icon position-absolute\">\n\t\t\t<i class=\"fas fa-quote-right\"><\/i>\n\t\t<\/div>\n\t\t<div class=\"pr-testi-item-text\">\n\t\t\tInstallation d\u2019une centrale et d\u2019un r\u00e9seau frigorifique CO\u00b2 sur 2 niveaux \r\nde sous-sols dont un niveau (sous-sol 1) une zone de vente \r\net de 3 niveaux destin\u00e9 \u00e0 la vente (rez-de-chauss\u00e9e au R+2).\r\n\r\n(52 avenue des Champs Elys\u00e9es - 75008 Paris)\r\n\t\t<\/div>\n\t\t<div class=\"pr-testi-item-author d-flex justify-content-between align-items-center headline\">\n\t\t\t<div class=\"name-degi\">\n\t\t\t\t<h3><a href=\"http:\/\/www.idem-cuisines.fr\/index.php\/testimonial\/galeries-lafayette\/\">Galeries Lafayette<\/a><\/h3>\n\t\t\t\t<span>2020 - 299K\u20ac H.T.<\/span>\n\t\t\t<\/div>\n\t\t\t<div class=\"pr-testi-item-rate ul-li\">\n\t\t\t\t<ul>\n\t\t\t\t\t\t\t\t\t<\/ul>\n\t\t\t<\/div>\n\t\t<\/div>\n\t<\/div>\n<\/div>\n\t\n\n      <\/div>\n      <div class=\"pr-testimonial-more d-flex justify-content-center align-items-center\">\n        <div class=\"pr-testimonial-img ul-li\">\n          <ul>\n            <li><span class=\"testi-img\"><img decoding=\"async\" src=\"\" alt=\"\"><\/span><span class=\"testi-text\">Galeries Lafayette<\/span><\/li>\n\n          <\/ul>\n        <\/div>\n        <div class=\"pr-testimonial-more-btn\">\n          <a href=\"\"><i class=\"fal fa-long-arrow-right\"><\/i><\/a>\n        <\/div>\n      <\/div>\n    <\/div>\n  <\/div>\n<\/section>\n<!-- End of testimonial section\n============================================= -->\n\t\t\t<!-- end Testimonials -->\t\t<\/div>\n\t\t\t\t<\/div>\n\t\t\t\t\t<\/div>\n\t\t<\/div>\n\t\t\t\t\t\t\t<\/div>\n\t\t<\/section>\n\t\t\t\t\t\t\t<\/div>\n\t\t","protected":false},"excerpt":{"rendered":"<p>Lorem ipsum dolor sit amet, consectetur adipiscing elit, sed do eiusmod tempor to incididunt ut labore et dolore magna for aliqua. Quis ipsum suspendisse. Fira Roger Customer Manager Lorem ipsum dolor sit amet, consectetur adipiscing elit, sed do eiusmod tempor to incididunt ut labore et dolore magna for aliqua. Quis ipsum suspendisse. Onni Jhon Customer [&hellip;]<\/p>\n","protected":false},"author":1,"featured_media":0,"parent":0,"menu_order":0,"comment_status":"closed","ping_status":"closed","template":"","meta":{"footnotes":""},"class_list":["post-481","page","type-page","status-publish","hentry"],"_links":{"self":[{"href":"http:\/\/www.idem-cuisines.fr\/index.php\/wp-json\/wp\/v2\/pages\/481","targetHints":{"allow":["GET"]}}],"collection":[{"href":"http:\/\/www.idem-cuisines.fr\/index.php\/wp-json\/wp\/v2\/pages"}],"about":[{"href":"http:\/\/www.idem-cuisines.fr\/index.php\/wp-json\/wp\/v2\/types\/page"}],"author":[{"embeddable":true,"href":"http:\/\/www.idem-cuisines.fr\/index.php\/wp-json\/wp\/v2\/users\/1"}],"replies":[{"embeddable":true,"href":"http:\/\/www.idem-cuisines.fr\/index.php\/wp-json\/wp\/v2\/comments?post=481"}],"version-history":[{"count":1,"href":"http:\/\/www.idem-cuisines.fr\/index.php\/wp-json\/wp\/v2\/pages\/481\/revisions"}],"predecessor-version":[{"id":890,"href":"http:\/\/www.idem-cuisines.fr\/index.php\/wp-json\/wp\/v2\/pages\/481\/revisions\/890"}],"wp:attachment":[{"href":"http:\/\/www.idem-cuisines.fr\/index.php\/wp-json\/wp\/v2\/media?parent=481"}],"curies":[{"name":"wp","href":"https:\/\/api.w.org\/{rel}","templated":true}]}}

<div data-elementor-type="wp-page" data-elementor-id="481" class="elementor elementor-481">
									<section class="elementor-section elementor-top-section elementor-element elementor-element-1e61810 elementor-section-full_width elementor-section-height-default elementor-section-height-default" data-id="1e61810" data-element_type="section">
						<div class="elementor-container elementor-column-gap-default">
					<div class="elementor-column elementor-col-100 elementor-top-column elementor-element elementor-element-318b1f3" data-id="318b1f3" data-element_type="column">
			<div class="elementor-widget-wrap elementor-element-populated">
								<div class="elementor-element elementor-element-4a40a84 testimonial-page elementor-widget elementor-widget-ucaddon_testimonials" data-id="4a40a84" data-element_type="widget" data-widget_type="ucaddon_testimonials.default">
				<div class="elementor-widget-container">
			<!-- start Testimonials -->

			<!-- Start of testimonial section
============================================= -->
	<section id="pr-testimonial" class="pr-testimonial-section-2 position-relative">
  <span class="test-bg"><img decoding="async" src="" alt="img"></span>
  <div class="container">
    <div class="pr-section-title headline text-center middle-align pera-content pr-text-in">
      <h3 class="title-tag d-inline-block">
        <span class="pr-text-in_item1">
          <span class="pr-text-in_item2">
            <span class="pr-text-in_item3">
              
            </span>
          </span>
        </span>
      </h3>
      <h2>
        <span class="pr-text-in_item1">
          <span class="pr-text-in_item2">
            <span class="pr-text-in_item3">
              
            </span>
          </span>
        </span>
      </h2>
      <p class="wow fadeInUp" data-wow-delay="0ms" data-wow-duration="1500ms">
      </p>
    </div>
    <div class="pr-testimonial-content">
      <div class="row justify-content-center">
        
<div class="col-lg-4 col-md-6 wow fadeInUp" data-wow-delay="400ms" data-wow-duration="1500ms">
	<div class="pr-testimonial-item position-relative">
		<div class="pr-testi-item-img position-absolute">
			<img decoding="async" src="" alt="img">
		</div>
		<div class="pr-testi-item-icon position-absolute">
			<i class="fas fa-quote-right"></i>
		</div>
		<div class="pr-testi-item-text">
			Installation d’une centrale et d’un réseau frigorifique CO² sur 2 niveaux 
de sous-sols dont un niveau (sous-sol 1) une zone de vente 
et de 3 niveaux destiné à la vente (rez-de-chaussée au R+2).

(52 avenue des Champs Elysées - 75008 Paris)
		</div>
		<div class="pr-testi-item-author d-flex justify-content-between align-items-center headline">
			<div class="name-degi">
				<h3><a href="http://www.idem-cuisines.fr/index.php/testimonial/galeries-lafayette/">Galeries Lafayette</a></h3>
				<span>2020 - 299K€ H.T.</span>
			</div>
			<div class="pr-testi-item-rate ul-li">
				<ul>
									</ul>
			</div>
		</div>
	</div>
</div>
	

      </div>
      <div class="pr-testimonial-more d-flex justify-content-center align-items-center">
        <div class="pr-testimonial-img ul-li">
          <ul>
            <li><span class="testi-img"><img decoding="async" src="" alt=""></span><span class="testi-text">Galeries Lafayette</span></li>

          </ul>
        </div>
        <div class="pr-testimonial-more-btn">
          <a href=""><i class="fal fa-long-arrow-right"></i></a>
        </div>
      </div>
    </div>
  </div>
</section>
<!-- End of testimonial section
============================================= -->
			<!-- end Testimonials -->		</div>
				</div>
					</div>
		</div>
							</div>
		</section>
				<section class="elementor-section elementor-top-section elementor-element elementor-element-5931e34 elementor-section-full_width elementor-section-height-default elementor-section-height-default" data-id="5931e34" data-element_type="section">
						<div class="elementor-container elementor-column-gap-default">
					<div class="elementor-column elementor-col-100 elementor-top-column elementor-element elementor-element-11cb5aa" data-id="11cb5aa" data-element_type="column">
			<div class="elementor-widget-wrap elementor-element-populated">
								<div class="elementor-element elementor-element-e2c218b testimonial-page elementor-widget elementor-widget-ucaddon_testimonials" data-id="e2c218b" data-element_type="widget" data-widget_type="ucaddon_testimonials.default">
				<div class="elementor-widget-container">
			<!-- start Testimonials -->

			<!-- Start of testimonial section
============================================= -->
	<section id="pr-testimonial" class="pr-testimonial-section-2 position-relative">
  <span class="test-bg"><img decoding="async" src="" alt="img"></span>
  <div class="container">
    <div class="pr-section-title headline text-center middle-align pera-content pr-text-in">
      <h3 class="title-tag d-inline-block">
        <span class="pr-text-in_item1">
          <span class="pr-text-in_item2">
            <span class="pr-text-in_item3">
              
            </span>
          </span>
        </span>
      </h3>
      <h2>
        <span class="pr-text-in_item1">
          <span class="pr-text-in_item2">
            <span class="pr-text-in_item3">
              
            </span>
          </span>
        </span>
      </h2>
      <p class="wow fadeInUp" data-wow-delay="0ms" data-wow-duration="1500ms">
      </p>
    </div>
    <div class="pr-testimonial-content">
      <div class="row justify-content-center">
        
<div class="col-lg-4 col-md-6 wow fadeInUp" data-wow-delay="400ms" data-wow-duration="1500ms">
	<div class="pr-testimonial-item position-relative">
		<div class="pr-testi-item-img position-absolute">
			<img decoding="async" src="" alt="img">
		</div>
		<div class="pr-testi-item-icon position-absolute">
			<i class="fas fa-quote-right"></i>
		</div>
		<div class="pr-testi-item-text">
			Installation d’une centrale et d’un réseau frigorifique CO² sur 2 niveaux 
de sous-sols dont un niveau (sous-sol 1) une zone de vente 
et de 3 niveaux destiné à la vente (rez-de-chaussée au R+2).

(52 avenue des Champs Elysées - 75008 Paris)
		</div>
		<div class="pr-testi-item-author d-flex justify-content-between align-items-center headline">
			<div class="name-degi">
				<h3><a href="http://www.idem-cuisines.fr/index.php/testimonial/galeries-lafayette/">Galeries Lafayette</a></h3>
				<span>2020 - 299K€ H.T.</span>
			</div>
			<div class="pr-testi-item-rate ul-li">
				<ul>
									</ul>
			</div>
		</div>
	</div>
</div>
	

      </div>
      <div class="pr-testimonial-more d-flex justify-content-center align-items-center">
        <div class="pr-testimonial-img ul-li">
          <ul>
            <li><span class="testi-img"><img decoding="async" src="" alt=""></span><span class="testi-text">Galeries Lafayette</span></li>

          </ul>
        </div>
        <div class="pr-testimonial-more-btn">
          <a href=""><i class="fal fa-long-arrow-right"></i></a>
        </div>
      </div>
    </div>
  </div>
</section>
<!-- End of testimonial section
============================================= -->
			<!-- end Testimonials -->		</div>
				</div>
					</div>
		</div>
							</div>
		</section>
							</div>
